 factors of 939?
3, 313
List the prime factors of 1742.
2, 13, 67
List the prime factors of 263.
263
List the prime factors of 4221.
3, 7, 67
What are the prime factors of 778?
2, 389
List the prime factors of 38910.
2, 3, 5, 1297
What are the prime factors of 5184?
2, 3
List the prime factors of 1420.
2, 5, 71
List the prime factors of 135.
3, 5
What are the prime factors of 28597?
28597
List the prime factors of 40.
2, 5
List the prime factors of 5205.
3, 5, 347
List the prime factors of 12309.
3, 11, 373
List the prime factors of 21270.
2, 3, 5, 709
List the prime factors of 60525.
3, 5, 269
List the prime factors of 9525.
3, 5, 127
List the prime factors of 3983.
7, 569
List the prime factors of 8012.
2, 2003
List the prime factors of 4068.
2, 3, 113
What are the prime factors of 117300?
2, 3, 5, 17, 23
What are the prime factors of 1171?
1171
List the prime factors of 7406.
2, 7, 23
List the prime factors of 1249.
1249
What are the prime factors of 121289?
7, 17327
What are the prime factors of 53086?
2, 11, 19, 127
List the prime factors of 18880.
2, 5, 59
What are the prime factors of 361?
19
What are the prime factors of 11171?
11171
What are the prime factors of 3023?
3023
What are the prime factors of 50274?
2, 3, 7, 19
List the prime factors of 9260.
2, 5, 463
What are the prime factors of 25882?
2, 12941
What are the prime factors of 12449?
59, 211
List the prime factors of 6699.
3, 7, 11, 29
What are the prime factors of 9408?
2, 3, 7
List the prime factors of 4552.
2, 569
List the prime factors of 119191.
119191
List the prime factors of 1143.
3, 127
List the prime factors of 1999.
1999
What are the prime factors of 1042?
2, 521
What are the prime factors of 2081?
2081
List the prime factors of 2325.
3, 5, 31
List the prime factors of 11892.
2, 3, 991
What are the prime factors of 6737?
6737
List the prime factors of 10636.
2, 2659
List the prime factors of 509.
509
List the prime factors of 1604.
2, 401
List the prime factors of 3671.
3671
List the prime factors of 1246.
2, 7, 89
What are the prime factors of 13459?
43, 313
What are the prime factors of 966?
2, 3, 7, 23
List the prime factors of 3715.
5, 743
What are the prime factors of 134793?
3, 17, 881
List the prime factors of 495.
3, 5, 11
What are the prime factors of 11024?
2, 13, 53
What are the prime factors of 35?
5, 7
List the prime factors of 9287.
37, 251
List the prime factors of 102158.
2, 7, 7297
List the prime factors of 1121.
19, 59
What are the prime factors of 1824?
2, 3, 19
List the prime factors of 1440.
2, 3, 5
What are the prime factors of 85740?
2, 3, 5, 1429
What are the prime factors of 19147?
41, 467
What are the prime factors of 16819?
11, 139
List the prime factors of 2048.
2
What are the prime factors of 3034?
2, 37, 41
List the prime factors of 27218.
2, 31, 439
List the prime factors of 783.
3, 29
List the prime factors of 97371.
3, 31, 349
List the prime factors of 3716.
2, 929
List the prime factors of 5144.
2, 643
List the prime factors of 10388.
2, 7, 53
List the prime factors of 436.
2, 109
What are the prime factors of 421?
421
What are the prime factors of 2250?
2, 3, 5
List the prime factors of 618.
2, 3, 103
List the prime factors of 130194.
2, 3, 2411
What are the prime factors of 1142?
2, 571
List the prime factors of 851.
23, 37
List the prime factors of 74510.
2, 5, 7451
List the prime factors of 154.
2, 7, 11
List the prime factors of 22686.
2, 3, 19, 199
List the prime factors of 84475.
5, 31, 109
List the prime factors of 3516.
2, 3, 293
List the prime factors of 33432.
2, 3, 7, 199
What are the prime factors of 680?
2, 5, 17
List the prime factors of 36701.
7, 107
List the prime factors of 13676.
2, 13, 263
What are the prime factors of 3392?
2, 53
What are the prime factors of 426?
2, 3, 71
List the prime factors of 5748.
2, 3, 479
What are the prime factors of 7460?
2, 5, 373
List the prime factors of 695.
5, 139
What are the prime factors of 1030?
2, 5, 103
List the prime factors of 481.
13, 37
What are the prime factors of 23339?
23339
What are the prime factors of 19664?
2, 1229
List the prime factors of 3716.
2, 929
List the prime factors of 2386.
2, 1193
What are the prime factors of 3826?
2, 1913
What are the prime factors of 6512?
2, 11, 37
List the prime factors of 2457.
3, 7, 13
What are the prime factors of 94246?
2, 47123
List the prime factors of 8375.
5, 67
List the prime factors of 7159.
7159
What are the prime factors of 19351?
37, 523
What are the prime factors of 76735?
5, 103, 149
What are the prime factors of 31629?
3, 13, 811
List the prime factors of 594.
2, 3, 11
List the prime factors of 296.
2, 37
What are the prime factors of 14570?
2, 5, 31, 47
What are the prime factors of 47044?
2, 19, 619
What are the prime factors of 4383?
3, 487
What are the prime factors of 1113?
3, 7, 53
What are the prime factors of 15273?
3, 1697
What are the prime factors of 110329?
31, 3559
List the prime factors of 629.
17, 37
List the prime factors of 18373.
19, 967
What are the prime factors of 4941?
3, 61
List the prime factors of 2544.
2, 3, 53
What are the prime factors of 110298?
2, 3, 31, 593
List the prime factors of 20460.
2, 3, 5, 11, 31
What are the prime factors of 361?
19
List the prime factors of 20518.
2, 10259
List the prime factors of 1775.
5, 71
List the prime factors of 361.
19
List the prime factors of 64228.
2, 16057
What are the prime factors of 376?
2, 47
List the prime factors of 30.
2, 3, 5
List the prime factors of 8740.
2, 5, 19, 23
List the prime factors of 18722.
2, 11, 23, 37
List the prime factors of 8.
2
List the prime factors of 159434.
2, 11, 7247
What are the prime factors of 2418?
2, 3, 13, 31
List the prime factors of 6778.
2, 3389
List the prime factors of 912.
2, 3, 19
What are the prime factors of 5690?
2, 5, 569
What are the prime factors of 13843?
109, 127
What are the prime factors of 43354?
2, 53, 409
List the prime factors of 31683.
3, 59, 179
List the prime factors of 857.
857
List the prime factors of 1122.
2, 3, 11, 17
List the prime factors of 7119.
3, 7, 113
What are the prime factors of 2570?
2, 5, 257
What are the prime factors of 4135?
5, 827
List the prime factors of 632.
2, 79
List the prime factors of 19346.
2, 17, 569
What are the prime factors of 1698?
2, 3, 283
What are the prime factors of 8998?
2, 11, 409
What are the prime factors of 32404?
2, 8101
List the prime factors of 599.
599
List the prime factors of 75485.
5, 31, 487
What are the prime factors of 156524?
2, 109, 359
What are the prime factors of 1540?
2, 5, 7, 11
List the prime factors of 8432.
2, 17, 31
What are the prime factors of 32349?
3, 41, 263
What are the prime factors of 14913?
3, 1657
List the prime factors of 17229.
3, 5743
What are the prime factors of 8976?
2, 3, 11, 17
List the prime factors of 3089.
3089
List the prime factors of 20652.
2, 3, 1721
What are the prime factors of 10503?
3, 389
List the prime factors of 728.
2, 7, 13
What are the prime factors of 32077?
32077
What are the prime factors of 1700?
2, 5, 17
What are the prime factors of 4653?
3, 11, 47
List the prime factors of 226.
2, 113
List the prime factors of 749.
7, 107
List the prime factors of 3718.
2, 11, 13
List the prime factors of 144991.
7, 11, 269
What are the prime factors of 255?
3, 5, 17
What are the prime factors of 1481?
1481
List the prime factors of 280.
2, 5, 7
What are the prime factors of 38862?
2, 3, 17, 127
List the prime factors of 5481.
3, 7, 29
List the prime factors of 15015.
3, 5, 7, 11, 13
What are the prime factors of 1795?
5, 359
List the prime factors of 1069.
1069
What are the prime factors of 819?
3, 7, 13
List the prime factors of 329.
7, 47
List the prime factors of 12099.
3, 37, 109
What are the prime factors of 157426?
2, 78713
What are the prime factors of 43842?
2, 3, 7307
List the prime factors of 2937.
3, 11, 89
List the prime factors of 1434.
2, 3, 239
What are the prime factors of 119462?
2, 7, 23, 53
What are the prime factors of 704?
2, 11
What are the prime factors of 1387?
19, 73
What are the prime factors of 7664?
2, 479
What are the prime factors of 26653?
11, 2423
List the prime factors of 2776.
2, 347
What are the prime factors of 39247?
13, 3019
What are the prime fac